{"id":275,"date":"2025-06-22T21:34:50","date_gmt":"2025-06-22T21:34:50","guid":{"rendered":"https:\/\/rceeducacion.com.ar\/wordpress\/?page_id=275"},"modified":"2025-06-22T23:22:25","modified_gmt":"2025-06-22T23:22:25","slug":"modulo-3-2","status":"publish","type":"page","link":"https:\/\/rceeducacion.com.ar\/wordpress\/?page_id=275","title":{"rendered":"M\u00f3dulo 3"},"content":{"rendered":"\n<div class=\"wp-block-uagb-buttons uagb-buttons__outer-wrap uagb-btn__small-btn uagb-btn-tablet__default-btn uagb-btn-mobile__default-btn uagb-block-f73a3e43\"><div class=\"uagb-buttons__wrap uagb-buttons-layout-wrap \">\n<div class=\"wp-block-uagb-buttons-child uagb-buttons__outer-wrap uagb-block-e6ca9f77 wp-block-button\"><div class=\"uagb-button__wrapper\"><a class=\"uagb-buttons-repeater wp-block-button__link\" aria-label=\"\" href=\"https:\/\/rceeducacion.com.ar\/wordpress\/?page_id=289\" rel=\"follow noopener\" target=\"_blank\" role=\"button\"><div class=\"uagb-button__link\">Modulo 4<\/div><\/a><\/div><\/div>\n\n\n\n<div class=\"wp-block-uagb-buttons-child uagb-buttons__outer-wrap uagb-block-a1d79638 wp-block-button\"><div class=\"uagb-button__wrapper\"><a class=\"uagb-buttons-repeater wp-block-button__link\" aria-label=\"\" href=\"https:\/\/rceeducacion.com.ar\/wordpress\/\" rel=\"follow noopener\" target=\"_blank\" role=\"button\"><div class=\"uagb-button__link\">Todos<\/div><\/a><\/div><\/div>\n<\/div><\/div>\n\n\n\n<div class=\"wp-block-uagb-container uagb-block-7b3357ca alignfull uagb-is-root-container\"><div class=\"uagb-container-inner-blocks-wrap\">\n<div class=\"wp-block-uagb-container uagb-block-79b3bac6\">\n<div class=\"wp-block-fv-player-gutenberg-basic\"><div id=\"wpfp_d56f7ea7fc8092e4d681cfab3d9c2176\" data-item=\"{&quot;sources&quot;:[{&quot;src&quot;:&quot;https:\\\/\\\/youtu.be\\\/5DpaGCRaAv0&quot;,&quot;type&quot;:&quot;video\\\/youtube&quot;}],&quot;id&quot;:&quot;11&quot;,&quot;splash&quot;:&quot;https:\\\/\\\/i.ytimg.com\\\/vi\\\/5DpaGCRaAv0\\\/maxresdefault.jpg#auto&quot;}\" class=\"flowplayer no-brand is-splash is-paused skin-slim no-svg fp-slim fp-edgy is-youtube\" data-fv-embed=\"https:\/\/rceeducacion.com.ar\/wordpress\/?page_id=275&amp;fv_player_embed=fvp-11\" style=\"position:relative; max-width: 640px; max-height: 360px; \" data-ratio=\"0.5625\" data-player-id=\"11\" data-engine=\"fvyoutube\">\n\t<div class=\"fp-ratio\" style=\"padding-top: 56.25%\"><\/div>\n\t<img decoding=\"async\" class=\"fp-splash\" alt=\"video\" src=\"https:\/\/i.ytimg.com\/vi\/5DpaGCRaAv0\/maxresdefault.jpg#auto\" style=\"position:absolute;top:0;width:100%\" \/>\n\t<div class=\"fp-ui\"><noscript>Please enable JavaScript<\/noscript><div class=\"fp-play fp-visible\"><svg class=\"fp-play-sharp-fill\" xmlns=\"http:\/\/www.w3.org\/2000\/svg\" viewBox=\"0 0 100 100\"><defs><style>.fp-color-play{opacity:0.65;}.controlbutton{fill:#fff;}<\/style><\/defs><title>play-sharp-fill<\/title><path class=\"fp-color-play\" d=\"M49.9217-.078a50,50,0,1,0,50,50A50.0564,50.0564,0,0,0,49.9217-.078Z\"\/><polygon class=\"controlbutton\" points=\"73.601 50 37.968 70.573 37.968 29.427 73.601 50\" filter=\"url(#f1)\"\/><\/svg><\/div><div class=\"fp-preload\"><b><\/b><b><\/b><b><\/b><b><\/b><\/div><\/div>\n<div class='fvp-share-bar'><ul class=\"fvp-sharing\">\r\n    <li><a class=\"sharing-facebook\" href=\"https:\/\/www.facebook.com\/sharer\/sharer.php?u=https%3A%2F%2Frceeducacion.com.ar%2Fwordpress%2F%3Fpage_id%3D275\" target=\"_blank\"><\/a><\/li>\r\n    <li><a class=\"sharing-twitter\" href=\"https:\/\/twitter.com\/intent\/tweet?text=Radio+Cromo+educaci%C3%B3n+&url=https%3A%2F%2Frceeducacion.com.ar%2Fwordpress%2F%3Fpage_id%3D275\" target=\"_blank\"><\/a><\/li>\r\n    <li><a class=\"sharing-email\" href=\"mailto:?body=Check%20out%20the%20amazing%20video%20here%3A%20https%3A%2F%2Frceeducacion.com.ar%2Fwordpress%2F%3Fpage_id%3D275\" target=\"_blank\"><\/a><\/li><\/ul><div><a class=\"sharing-link\" href=\"https:\/\/rceeducacion.com.ar\/wordpress\/?page_id=275\" target=\"_blank\">Link<\/a><\/div><div><label><a class=\"embed-code-toggle\" href=\"#\"><strong>Embed<\/strong><\/a><\/label><\/div><div class=\"embed-code\"><label>Copy and paste this HTML code into your webpage to embed.<\/label><textarea><\/textarea><\/div><\/div>\n<\/div>\n<\/div>\n\n\n\n<div class=\"wp-block-uagb-advanced-heading uagb-block-62e27990\"><h2 class=\"uagb-heading-text\">Parte uno <\/h2><\/div>\n<\/div>\n\n\n\n<div class=\"wp-block-uagb-container uagb-block-c28d0e3e\">\n<div class=\"wp-block-fv-player-gutenberg-basic\"><div id=\"wpfp_7c891745232f1a33c4add81f8767c70a\" data-item=\"{&quot;sources&quot;:[{&quot;src&quot;:&quot;https:\\\/\\\/youtu.be\\\/hk9E7dpybpg&quot;,&quot;type&quot;:&quot;video\\\/youtube&quot;}],&quot;id&quot;:&quot;12&quot;,&quot;splash&quot;:&quot;https:\\\/\\\/i.ytimg.com\\\/vi\\\/hk9E7dpybpg\\\/maxresdefault.jpg#auto&quot;}\" class=\"flowplayer no-brand is-splash is-paused skin-slim no-svg fp-slim fp-edgy is-youtube\" data-fv-embed=\"https:\/\/rceeducacion.com.ar\/wordpress\/?page_id=275&amp;fv_player_embed=fvp-12\" style=\"position:relative; max-width: 640px; max-height: 360px; \" data-ratio=\"0.5625\" data-player-id=\"12\" data-engine=\"fvyoutube\">\n\t<div class=\"fp-ratio\" style=\"padding-top: 56.25%\"><\/div>\n\t<img decoding=\"async\" class=\"fp-splash\" alt=\"video\" src=\"https:\/\/i.ytimg.com\/vi\/hk9E7dpybpg\/maxresdefault.jpg#auto\" style=\"position:absolute;top:0;width:100%\" \/>\n\t<div class=\"fp-ui\"><noscript>Please enable JavaScript<\/noscript><div class=\"fp-play fp-visible\"><svg class=\"fp-play-sharp-fill\" xmlns=\"http:\/\/www.w3.org\/2000\/svg\" viewBox=\"0 0 100 100\"><defs><style>.fp-color-play{opacity:0.65;}.controlbutton{fill:#fff;}<\/style><\/defs><title>play-sharp-fill<\/title><path class=\"fp-color-play\" d=\"M49.9217-.078a50,50,0,1,0,50,50A50.0564,50.0564,0,0,0,49.9217-.078Z\"\/><polygon class=\"controlbutton\" points=\"73.601 50 37.968 70.573 37.968 29.427 73.601 50\" filter=\"url(#f1)\"\/><\/svg><\/div><div class=\"fp-preload\"><b><\/b><b><\/b><b><\/b><b><\/b><\/div><\/div>\n<div class='fvp-share-bar'><ul class=\"fvp-sharing\">\r\n    <li><a class=\"sharing-facebook\" href=\"https:\/\/www.facebook.com\/sharer\/sharer.php?u=https%3A%2F%2Frceeducacion.com.ar%2Fwordpress%2F%3Fpage_id%3D275\" target=\"_blank\"><\/a><\/li>\r\n    <li><a class=\"sharing-twitter\" href=\"https:\/\/twitter.com\/intent\/tweet?text=Radio+Cromo+educaci%C3%B3n+&url=https%3A%2F%2Frceeducacion.com.ar%2Fwordpress%2F%3Fpage_id%3D275\" target=\"_blank\"><\/a><\/li>\r\n    <li><a class=\"sharing-email\" href=\"mailto:?body=Check%20out%20the%20amazing%20video%20here%3A%20https%3A%2F%2Frceeducacion.com.ar%2Fwordpress%2F%3Fpage_id%3D275\" target=\"_blank\"><\/a><\/li><\/ul><div><a class=\"sharing-link\" href=\"https:\/\/rceeducacion.com.ar\/wordpress\/?page_id=275\" target=\"_blank\">Link<\/a><\/div><div><label><a class=\"embed-code-toggle\" href=\"#\"><strong>Embed<\/strong><\/a><\/label><\/div><div class=\"embed-code\"><label>Copy and paste this HTML code into your webpage to embed.<\/label><textarea><\/textarea><\/div><\/div>\n<\/div>\n<\/div>\n\n\n\n<div class=\"wp-block-uagb-advanced-heading uagb-block-ec476906\"><h2 class=\"uagb-heading-text\">Parte dos<\/h2><\/div>\n<\/div>\n<\/div><\/div>\n\n\n\n<div class=\"wp-block-columns is-layout-flex wp-container-core-columns-is-layout-28f84493 wp-block-columns-is-layout-flex\">\n<div class=\"wp-block-column is-layout-flow wp-block-column-is-layout-flow\" style=\"flex-basis:50%\">\n<div class=\"wp-block-uagb-container uagb-block-f90fb335 alignfull uagb-is-root-container\"><div class=\"uagb-container-inner-blocks-wrap\">\n<div class=\"wp-block-uagb-container uagb-block-787e3d75\">\n<div class=\"wp-block-fv-player-gutenberg-basic\"><div id=\"wpfp_226f69488a7dd528909037a51024acbd\" data-item=\"{&quot;sources&quot;:[{&quot;src&quot;:&quot;https:\\\/\\\/youtu.be\\\/-Gri9HjY9Vw&quot;,&quot;type&quot;:&quot;video\\\/youtube&quot;}],&quot;id&quot;:&quot;13&quot;,&quot;splash&quot;:&quot;https:\\\/\\\/i.ytimg.com\\\/vi\\\/-Gri9HjY9Vw\\\/maxresdefault.jpg#auto&quot;}\" class=\"flowplayer no-brand is-splash is-paused skin-slim no-svg fp-slim fp-edgy is-youtube\" data-fv-embed=\"https:\/\/rceeducacion.com.ar\/wordpress\/?page_id=275&amp;fv_player_embed=fvp-13\" style=\"position:relative; max-width: 640px; max-height: 360px; \" data-ratio=\"0.5625\" data-player-id=\"13\" data-engine=\"fvyoutube\">\n\t<div class=\"fp-ratio\" style=\"padding-top: 56.25%\"><\/div>\n\t<img decoding=\"async\" class=\"fp-splash\" alt=\"video\" src=\"https:\/\/i.ytimg.com\/vi\/-Gri9HjY9Vw\/maxresdefault.jpg#auto\" style=\"position:absolute;top:0;width:100%\" \/>\n\t<div class=\"fp-ui\"><noscript>Please enable JavaScript<\/noscript><div class=\"fp-play fp-visible\"><svg class=\"fp-play-sharp-fill\" xmlns=\"http:\/\/www.w3.org\/2000\/svg\" viewBox=\"0 0 100 100\"><defs><style>.fp-color-play{opacity:0.65;}.controlbutton{fill:#fff;}<\/style><\/defs><title>play-sharp-fill<\/title><path class=\"fp-color-play\" d=\"M49.9217-.078a50,50,0,1,0,50,50A50.0564,50.0564,0,0,0,49.9217-.078Z\"\/><polygon class=\"controlbutton\" points=\"73.601 50 37.968 70.573 37.968 29.427 73.601 50\" filter=\"url(#f1)\"\/><\/svg><\/div><div class=\"fp-preload\"><b><\/b><b><\/b><b><\/b><b><\/b><\/div><\/div>\n<div class='fvp-share-bar'><ul class=\"fvp-sharing\">\r\n    <li><a class=\"sharing-facebook\" href=\"https:\/\/www.facebook.com\/sharer\/sharer.php?u=https%3A%2F%2Frceeducacion.com.ar%2Fwordpress%2F%3Fpage_id%3D275\" target=\"_blank\"><\/a><\/li>\r\n    <li><a class=\"sharing-twitter\" href=\"https:\/\/twitter.com\/intent\/tweet?text=Radio+Cromo+educaci%C3%B3n+&url=https%3A%2F%2Frceeducacion.com.ar%2Fwordpress%2F%3Fpage_id%3D275\" target=\"_blank\"><\/a><\/li>\r\n    <li><a class=\"sharing-email\" href=\"mailto:?body=Check%20out%20the%20amazing%20video%20here%3A%20https%3A%2F%2Frceeducacion.com.ar%2Fwordpress%2F%3Fpage_id%3D275\" target=\"_blank\"><\/a><\/li><\/ul><div><a class=\"sharing-link\" href=\"https:\/\/rceeducacion.com.ar\/wordpress\/?page_id=275\" target=\"_blank\">Link<\/a><\/div><div><label><a class=\"embed-code-toggle\" href=\"#\"><strong>Embed<\/strong><\/a><\/label><\/div><div class=\"embed-code\"><label>Copy and paste this HTML code into your webpage to embed.<\/label><textarea><\/textarea><\/div><\/div>\n<\/div>\n<\/div>\n\n\n\n<div class=\"wp-block-uagb-advanced-heading uagb-block-7a4924c1\"><h2 class=\"uagb-heading-text\">Parte tres<\/h2><\/div>\n<\/div>\n<\/div><\/div>\n<\/div>\n\n\n\n<div class=\"wp-block-column is-layout-flow wp-block-column-is-layout-flow\" style=\"flex-basis:50%\"><\/div>\n<\/div>\n\n\n\n<hr class=\"wp-block-separator has-alpha-channel-opacity\"\/>\n\n\n\n<div class=\"wp-block-uagb-advanced-heading uagb-block-c409db23\"><h2 class=\"uagb-heading-text\"><strong><strong>COMUNICAR CON TODO EL CUERPO<\/strong><\/strong><\/h2><\/div>\n\n\n\n<div class=\"wp-block-uagb-advanced-heading uagb-block-a59b2976\"><h5 class=\"uagb-heading-text\">EJERCICIO 1 &#8211;<br>Oradores para observar en YouTube:<\/h5><\/div>\n\n\n\n<div class=\"wp-block-uagb-container uagb-block-20445892 alignfull uagb-is-root-container\"><div class=\"uagb-container-inner-blocks-wrap\">\n<div class=\"wp-block-uagb-container uagb-block-9e4fcdbb\">\n<div class=\"wp-block-uagb-image uagb-block-a0433d98 wp-block-uagb-image--layout-default wp-block-uagb-image--effect-static wp-block-uagb-image--align-none\"><figure class=\"wp-block-uagb-image__figure\"><img decoding=\"async\" srcset=\"https:\/\/rceeducacion.com.ar\/wordpress\/wp-content\/uploads\/2025\/06\/fotonoticia_20150118184855_690-150x150.jpg ,https:\/\/rceeducacion.com.ar\/wordpress\/wp-content\/uploads\/2025\/06\/fotonoticia_20150118184855_690.jpg 780w, https:\/\/rceeducacion.com.ar\/wordpress\/wp-content\/uploads\/2025\/06\/fotonoticia_20150118184855_690.jpg 360w\" sizes=\"auto, (max-width: 480px) 150px\" src=\"https:\/\/rceeducacion.com.ar\/wordpress\/wp-content\/uploads\/2025\/06\/fotonoticia_20150118184855_690-150x150.jpg\" alt=\"\" class=\"uag-image-276\" width=\"150\" height=\"150\" title=\"Martin Luther King, el hombre que ten\u00eda raz\u00f3n\" loading=\"lazy\" role=\"img\"\/><\/figure><\/div>\n\n\n\n<div class=\"wp-block-uagb-container uagb-block-1225fdde\">\n<div class=\"wp-block-uagb-advanced-heading uagb-block-64679fa6\"><h6 class=\"uagb-heading-text\">-Martin Luther King &#8211;                     I have a dream<\/h6><\/div>\n<\/div>\n\n\n\n<p class=\"has-text-align-center\">Observar su convicci\u00f3n, y sus matices al mencionar su cl\u00e1sica frase en diferentes formas.<\/p>\n<\/div>\n\n\n\n<div class=\"wp-block-uagb-container uagb-block-68215565\">\n<div class=\"wp-block-uagb-image uagb-block-1da4f4ab wp-block-uagb-image--layout-default wp-block-uagb-image--effect-static wp-block-uagb-image--align-none\"><figure class=\"wp-block-uagb-image__figure\"><img decoding=\"async\" srcset=\"https:\/\/rceeducacion.com.ar\/wordpress\/wp-content\/uploads\/2025\/06\/66c2a5b9b483e47d0d0cb457_Tony-Robbins-150x150.png ,http:\/\/rceeducacion.com.ar\/wordpress\/wp-content\/uploads\/2025\/06\/66c2a5b9b483e47d0d0cb457_Tony-Robbins.png 780w, http:\/\/rceeducacion.com.ar\/wordpress\/wp-content\/uploads\/2025\/06\/66c2a5b9b483e47d0d0cb457_Tony-Robbins.png 360w\" sizes=\"auto, (max-width: 480px) 150px\" src=\"https:\/\/rceeducacion.com.ar\/wordpress\/wp-content\/uploads\/2025\/06\/66c2a5b9b483e47d0d0cb457_Tony-Robbins-150x150.png\" alt=\"\" class=\"uag-image-277\" width=\"150\" height=\"150\" title=\"66c2a5b9b483e47d0d0cb457_Tony Robbins\" loading=\"lazy\" role=\"img\"\/><\/figure><\/div>\n\n\n\n<div class=\"wp-block-uagb-container uagb-block-e90e40b0\">\n<div class=\"wp-block-uagb-advanced-heading uagb-block-dfbf8dbc\"><h6 class=\"uagb-heading-text\"><strong>-Tony Robbins-                          Now I Am the voice.<\/strong><\/h6><\/div>\n<\/div>\n\n\n\n<p class=\"has-text-align-center\">Seguridad y confianza.<\/p>\n<\/div>\n\n\n\n<div class=\"wp-block-uagb-container uagb-block-16f13552\">\n<div class=\"wp-block-uagb-image uagb-block-52dad0ab wp-block-uagb-image--layout-default wp-block-uagb-image--effect-static wp-block-uagb-image--align-none\"><figure class=\"wp-block-uagb-image__figure\"><img decoding=\"async\" srcset=\"https:\/\/rceeducacion.com.ar\/wordpress\/wp-content\/uploads\/2025\/06\/Steve_Jobs_Headshot_2010-CROP2-150x150.jpg ,http:\/\/rceeducacion.com.ar\/wordpress\/wp-content\/uploads\/2025\/06\/Steve_Jobs_Headshot_2010-CROP2.jpg 780w, http:\/\/rceeducacion.com.ar\/wordpress\/wp-content\/uploads\/2025\/06\/Steve_Jobs_Headshot_2010-CROP2.jpg 360w\" sizes=\"auto, (max-width: 480px) 150px\" src=\"https:\/\/rceeducacion.com.ar\/wordpress\/wp-content\/uploads\/2025\/06\/Steve_Jobs_Headshot_2010-CROP2-150x150.jpg\" alt=\"\" class=\"uag-image-280\" width=\"150\" height=\"150\" title=\"Steve_Jobs_Headshot_2010-CROP2\" loading=\"lazy\" role=\"img\"\/><\/figure><\/div>\n\n\n\n<div class=\"wp-block-uagb-container uagb-block-636895dd\">\n<div class=\"wp-block-uagb-advanced-heading uagb-block-3db3ccd6\"><h6 class=\"uagb-heading-text\"><strong>-Steve Jobs &#8211; cuando present\u00f3 el Iphone en 2007<\/strong><\/h6><\/div>\n<\/div>\n\n\n\n<p class=\"has-text-align-center\">Observar c\u00f3mo muestra los logros con los que innov\u00f3 al mundo.<\/p>\n<\/div>\n\n\n\n<div class=\"wp-block-uagb-container uagb-block-0d3eb7a0\">\n<div class=\"wp-block-uagb-image uagb-block-e875cf67 wp-block-uagb-image--layout-default wp-block-uagb-image--effect-static wp-block-uagb-image--align-none\"><figure class=\"wp-block-uagb-image__figure\"><img decoding=\"async\" srcset=\"https:\/\/rceeducacion.com.ar\/wordpress\/wp-content\/uploads\/2025\/06\/41Y7vDl8ImL._UF350350_QL80_-150x150.jpg ,http:\/\/rceeducacion.com.ar\/wordpress\/wp-content\/uploads\/2025\/06\/41Y7vDl8ImL._UF350350_QL80_.jpg 780w, http:\/\/rceeducacion.com.ar\/wordpress\/wp-content\/uploads\/2025\/06\/41Y7vDl8ImL._UF350350_QL80_.jpg 360w\" sizes=\"auto, (max-width: 480px) 150px\" src=\"https:\/\/rceeducacion.com.ar\/wordpress\/wp-content\/uploads\/2025\/06\/41Y7vDl8ImL._UF350350_QL80_-150x150.jpg\" alt=\"\" class=\"uag-image-281\" width=\"150\" height=\"150\" title=\"41Y7vDl8ImL._UF350,350_QL80_\" loading=\"lazy\" role=\"img\"\/><\/figure><\/div>\n\n\n\n<div class=\"wp-block-uagb-container uagb-block-c04972ea\">\n<div class=\"wp-block-uagb-advanced-heading uagb-block-2a681592\"><h6 class=\"uagb-heading-text\">-Nancy Duarte &#8211;   The secret structure of Steve Jobs&#8217;s speech<\/h6><\/div>\n<\/div>\n\n\n\n<p class=\"has-text-align-center\">Observar el analisis preciso y la frescura de sus gestos.<\/p>\n<\/div>\n<\/div><\/div>\n\n\n\n<div class=\"wp-block-uagb-container uagb-block-2516d710 alignfull uagb-is-root-container\"><div class=\"uagb-container-inner-blocks-wrap\">\n<div class=\"wp-block-uagb-container uagb-block-d41b52d5\">\n<div class=\"wp-block-uagb-image uagb-block-7f8ebef2 wp-block-uagb-image--layout-default wp-block-uagb-image--effect-static wp-block-uagb-image--align-none\"><figure class=\"wp-block-uagb-image__figure\"><img decoding=\"async\" srcset=\"https:\/\/rceeducacion.com.ar\/wordpress\/wp-content\/uploads\/2025\/06\/images-150x150.jpg ,http:\/\/rceeducacion.com.ar\/wordpress\/wp-content\/uploads\/2025\/06\/images.jpg 780w, http:\/\/rceeducacion.com.ar\/wordpress\/wp-content\/uploads\/2025\/06\/images.jpg 360w\" sizes=\"auto, (max-width: 480px) 150px\" src=\"https:\/\/rceeducacion.com.ar\/wordpress\/wp-content\/uploads\/2025\/06\/images-150x150.jpg\" alt=\"\" class=\"uag-image-282\" width=\"150\" height=\"150\" title=\"images\" loading=\"lazy\" role=\"img\"\/><\/figure><\/div>\n\n\n\n<div class=\"wp-block-uagb-container uagb-block-27964bca\">\n<div class=\"wp-block-uagb-advanced-heading uagb-block-8dd71942\"><h6 class=\"uagb-heading-text\">Jordi Gr\u00e1cia &#8211; Tedx &#8211; Comunicaci\u00f3n efectiva,<\/h6><\/div>\n<\/div>\n\n\n\n<p class=\"has-text-align-center\">Observar su expresividad y como maneja los silencios.<\/p>\n<\/div>\n\n\n\n<div class=\"wp-block-uagb-container uagb-block-3a161560\">\n<div class=\"wp-block-uagb-image uagb-block-d0fb600d wp-block-uagb-image--layout-default wp-block-uagb-image--effect-static wp-block-uagb-image--align-none\"><figure class=\"wp-block-uagb-image__figure\"><img decoding=\"async\" srcset=\"https:\/\/rceeducacion.com.ar\/wordpress\/wp-content\/uploads\/2025\/06\/images-1-150x150.jpg ,http:\/\/rceeducacion.com.ar\/wordpress\/wp-content\/uploads\/2025\/06\/images-1.jpg 780w, http:\/\/rceeducacion.com.ar\/wordpress\/wp-content\/uploads\/2025\/06\/images-1.jpg 360w\" sizes=\"auto, (max-width: 480px) 150px\" src=\"https:\/\/rceeducacion.com.ar\/wordpress\/wp-content\/uploads\/2025\/06\/images-1-150x150.jpg\" alt=\"\" class=\"uag-image-283\" width=\"150\" height=\"150\" title=\"images\" loading=\"lazy\" role=\"img\"\/><\/figure><\/div>\n\n\n\n<div class=\"wp-block-uagb-container uagb-block-f8641cdd\">\n<div class=\"wp-block-uagb-advanced-heading uagb-block-ee893964\"><h6 class=\"uagb-heading-text\"><strong>-Amy Cuddy &#8211; Tedx &#8211; Lenguaje corporal.<\/strong><\/h6><\/div>\n<\/div>\n\n\n\n<p class=\"has-text-align-center\">Manejo del humor y c\u00f3mo aplica las ense\u00f1anzas corporales.<\/p>\n<\/div>\n\n\n\n<div class=\"wp-block-uagb-container uagb-block-258f10ff\">\n<div class=\"wp-block-uagb-image uagb-block-50bfbad8 wp-block-uagb-image--layout-default wp-block-uagb-image--effect-static wp-block-uagb-image--align-none\"><figure class=\"wp-block-uagb-image__figure\"><img decoding=\"async\" srcset=\"https:\/\/rceeducacion.com.ar\/wordpress\/wp-content\/uploads\/2025\/06\/Aurum-Speakers-Bureau-Victor-Kuppers-150x150.webp ,http:\/\/rceeducacion.com.ar\/wordpress\/wp-content\/uploads\/2025\/06\/Aurum-Speakers-Bureau-Victor-Kuppers.webp 780w, http:\/\/rceeducacion.com.ar\/wordpress\/wp-content\/uploads\/2025\/06\/Aurum-Speakers-Bureau-Victor-Kuppers.webp 360w\" sizes=\"auto, (max-width: 480px) 150px\" src=\"https:\/\/rceeducacion.com.ar\/wordpress\/wp-content\/uploads\/2025\/06\/Aurum-Speakers-Bureau-Victor-Kuppers-150x150.webp\" alt=\"\" class=\"uag-image-284\" width=\"150\" height=\"150\" title=\"Aurum-Speakers-Bureau-Victor-Kuppers\" loading=\"lazy\" role=\"img\"\/><\/figure><\/div>\n\n\n\n<div class=\"wp-block-uagb-container uagb-block-bdf5c101\">\n<div class=\"wp-block-uagb-advanced-heading uagb-block-d4139271\"><h6 class=\"uagb-heading-text\"><strong>-Viktor Kuppers &#8211; Tedx- Actitud<\/strong><\/h6><\/div>\n<\/div>\n\n\n\n<p class=\"has-text-align-center\">Observar su ritmo, espontaneidad y velocidad de pensamiento.<\/p>\n<\/div>\n<\/div><\/div>\n\n\n\n<div class=\"wp-block-uagb-container uagb-block-9fae92a5 alignfull uagb-is-root-container\"><div class=\"uagb-container-inner-blocks-wrap\">\n<div class=\"wp-block-uagb-container uagb-block-7790f1c4\">\n<div class=\"wp-block-uagb-advanced-heading uagb-block-910dc81a\"><h5 class=\"uagb-heading-text\">EJERCICIO 2 &#8211;<br>Autograbaci\u00f3n &#8211; Contar lo que hiciste ayer:<\/h5><\/div>\n\n\n\n<p>Verlo con y sin sonido. Observar y volver a grabarlo.<\/p>\n\n\n\n<p>\u00bfQu\u00e9 ten\u00e9s que observar?<br>-Postura<br>-Contacto visual: d\u00f3nde est\u00e1 la mirada? y qu\u00e9 tipo de conexi\u00f3n ten\u00e9s con la c\u00e1mara? \u00bfSe nota que intent\u00e1s comunicarte con quien est\u00e1 del otro lado?<br>-Desplazamiento<br>-Gestos<br>-Tonos\/inflexiones de voz<br>-Palabras recurrentes y muletillas<\/p>\n<\/div>\n\n\n\n<div class=\"wp-block-uagb-container uagb-block-91f35eec\">\n<div class=\"wp-block-uagb-advanced-heading uagb-block-a6c539a7\"><h5 class=\"uagb-heading-text\">EJERCICIO 3 &#8211;<br><\/h5><\/div>\n\n\n\n<p>Decir una frase misma en diferentes tonos, velocidades, intenciones, texturas, etc. Usar silencios y matices de la voz imaginando diferentes interlocutores ( ni\u00f1os, adultos, abuelos, etc.)<\/p>\n\n\n\n<p>-Te voy a decir algo importante\u2026<br>-Tengo una noticia para darte<br>-Hoy va a ser un d\u00eda especial porque\u2026<br>-Tuve el mejor fin de semana de mi vida porque\u2026<br>-Siempre so\u00f1\u00e9 con\u2026<br>-Lo que m\u00e1s miedo me da es\u2026<\/p>\n<\/div>\n<\/div><\/div>\n\n\n\n<div class=\"wp-block-uagb-container uagb-block-6122c8ba alignfull uagb-is-root-container\"><div class=\"uagb-container-inner-blocks-wrap\"><\/div><\/div>\n\n\n\n<div class=\"wp-block-uagb-container uagb-block-866b3b93 alignfull uagb-is-root-container\"><div class=\"uagb-container-inner-blocks-wrap\">\n<hr class=\"wp-block-separator has-alpha-channel-opacity\"\/>\n<\/div><\/div>\n\n\n\n<p><\/p>\n","protected":false},"excerpt":{"rendered":"<p>Parte uno Parte dos Parte tres COMUNICAR CON TODO EL CUERPO EJERCICIO 1 &#8211;Oradores para observar en YouTube: -Martin Luther [&hellip;]<\/p>\n","protected":false},"author":1,"featured_media":0,"parent":0,"menu_order":0,"comment_status":"closed","ping_status":"closed","template":"admin-only-template.php","meta":{"_uag_custom_page_level_css":"","site-sidebar-layout":"default","site-content-layout":"","ast-site-content-layout":"full-width-container","site-content-style":"unboxed","site-sidebar-style":"default","ast-global-header-display":"disabled","ast-banner-title-visibility":"disabled","ast-main-header-display":"","ast-hfb-above-header-display":"","ast-hfb-below-header-display":"","ast-hfb-mobile-header-display":"","site-post-title":"","ast-breadcrumbs-content":"","ast-featured-img":"","footer-sml-layout":"disabled","theme-transparent-header-meta":"","adv-header-id-meta":"","stick-header-meta":"","header-above-stick-meta":"","header-main-stick-meta":"","header-below-stick-meta":"","astra-migrate-meta-layouts":"default","ast-page-background-enabled":"default","ast-page-background-meta":{"desktop":{"background-color":"var(--ast-global-color-5)","background-image":"","background-repeat":"repeat","background-position":"center center","background-size":"auto","background-attachment":"scroll","background-type":"","background-media":"","overlay-type":"","overlay-color":"","overlay-opacity":"","overlay-gradient":""},"tablet":{"background-color":"","background-image":"","background-repeat":"repeat","background-position":"center center","background-size":"auto","background-attachment":"scroll","background-type":"","background-media":"","overlay-type":"","overlay-color":"","overlay-opacity":"","overlay-gradient":""},"mobile":{"background-color":"","background-image":"","background-repeat":"repeat","background-position":"center center","background-size":"auto","background-attachment":"scroll","background-type":"","background-media":"","overlay-type":"","overlay-color":"","overlay-opacity":"","overlay-gradient":""}},"ast-content-background-meta":{"desktop":{"background-color":"var(--ast-global-color-4)","background-image":"","background-repeat":"repeat","background-position":"center center","background-size":"auto","background-attachment":"scroll","background-type":"","background-media":"","overlay-type":"","overlay-color":"","overlay-opacity":"","overlay-gradient":""},"tablet":{"background-color":"var(--ast-global-color-4)","background-image":"","background-repeat":"repeat","background-position":"center center","background-size":"auto","background-attachment":"scroll","background-type":"","background-media":"","overlay-type":"","overlay-color":"","overlay-opacity":"","overlay-gradient":""},"mobile":{"background-color":"var(--ast-global-color-4)","background-image":"","background-repeat":"repeat","background-position":"center center","background-size":"auto","background-attachment":"scroll","background-type":"","background-media":"","overlay-type":"","overlay-color":"","overlay-opacity":"","overlay-gradient":""}},"footnotes":""},"class_list":["post-275","page","type-page","status-publish","hentry"],"uagb_featured_image_src":{"full":false,"thumbnail":false,"medium":false,"medium_large":false,"large":false,"1536x1536":false,"2048x2048":false},"uagb_author_info":{"display_name":"admin","author_link":"https:\/\/rceeducacion.com.ar\/wordpress\/?author=1"},"uagb_comment_info":0,"uagb_excerpt":"Parte uno Parte dos Parte tres COMUNICAR CON TODO EL CUERPO EJERCICIO 1 &#8211;Oradores para observar en YouTube: -Martin Luther [&hellip;]","_links":{"self":[{"href":"https:\/\/rceeducacion.com.ar\/wordpress\/index.php?rest_route=\/wp\/v2\/pages\/275","targetHints":{"allow":["GET"]}}],"collection":[{"href":"https:\/\/rceeducacion.com.ar\/wordpress\/index.php?rest_route=\/wp\/v2\/pages"}],"about":[{"href":"https:\/\/rceeducacion.com.ar\/wordpress\/index.php?rest_route=\/wp\/v2\/types\/page"}],"author":[{"embeddable":true,"href":"https:\/\/rceeducacion.com.ar\/wordpress\/index.php?rest_route=\/wp\/v2\/users\/1"}],"replies":[{"embeddable":true,"href":"https:\/\/rceeducacion.com.ar\/wordpress\/index.php?rest_route=%2Fwp%2Fv2%2Fcomments&post=275"}],"version-history":[{"count":3,"href":"https:\/\/rceeducacion.com.ar\/wordpress\/index.php?rest_route=\/wp\/v2\/pages\/275\/revisions"}],"predecessor-version":[{"id":317,"href":"https:\/\/rceeducacion.com.ar\/wordpress\/index.php?rest_route=\/wp\/v2\/pages\/275\/revisions\/317"}],"wp:attachment":[{"href":"https:\/\/rceeducacion.com.ar\/wordpress\/index.php?rest_route=%2Fwp%2Fv2%2Fmedia&parent=275"}],"curies":[{"name":"wp","href":"https:\/\/api.w.org\/{rel}","templated":true}]}}